n(-21).
-687
Let u(q) = -63*q + 326. Calculate u(4).
74
Let u(k) = 36*k**2 + 360*k + 3. Determine u(-10).
3
Let r(b) = -9*b - 181. Give r(-23).
26
Let a(r) = 1283*r + 1367. What is a(-1)?
84
Let n(z) = 10*z**2 + 21*z - 156. Determine n(6).
330
Let b(f) = 42*f - 334. Give b(13).
212
Let r(w) = 2*w**2 + 9*w - 111. Determine r(-9).
-30
Let l(n) = -3388*n + 23723. What is l(7)?
7
Let c(r) = -r**3 - 53*r**2 - 607*r + 87. Calculate c(-17).
2
Let w(d) = -997*d + 9963. Calculate w(10).
-7
Let q(g) = g**3 - 3*g**2 + 130*g - 703. What is q(5)?
-3
Let a(v) = 36*v + 2457. Give a(-68).
9
Let m(w) = -10752*w + 258054. Determine m(24).
6
Let x(h) = -11*h**3 + 6*h**2 + 6*h - 1. Determine x(-2).
99
Let f(s) = -53*s**3 + 3*s**2 + 17*s - 38. Calculate f(2).
-416
Let n(t) = 38*t - 1016. What is n(34)?
276
Let g(w) = -8*w + 503. What is g(62)?
7
Let r(v) = -126*v + 1141. Calculate r(9).
7
Let p(u) = u**3 - 6*u**2 + 115*u - 541. What is p(5)?
9
Let o(h) = 182*h**2 + 1262*h - 83. Determine o(-7).
1
Let w(m) = 338*m - 5806. Give w(17).
-60
Let j(l) = l**2 + 57*l - 233. Determine j(-61).
11
Let z(l) = -l**3 - 62*l**2 - 157*l - 9730. Determine z(-62).
4
Let w(h) = h**2 - 200*h - 1452. Calculate w(-7).
-3
Let a(g) = 23*g**2 - 36*g + 47. Calculate a(2).
67
Let b(j) = 2*j**2 + 201*j + 3509. Calculate b(-23).
-56
Let g(j) = 19*j - 240. Give g(26).
254
Let d(y) = -661*y + 29034. Calculate d(44).
-50
Let z(h) = 6*h**2 - 4*h - 1. Give z(2).
15
Let n(y) = y**3 + 13*y**2 + 5*y - 7. Calculate n(-6).
215
Let t(v) = v**3 - 29*v**2 - 58*v - 75. Determine t(31).
49
Let k(g) = 3306*g - 13230. Calculate k(4).
-6
Let t(f) = -40*f + 36. Calculate t(4).
-124
Let u(b) = 13*b + 75. What is u(12)?
231
Let r(u) = u**3 - 8*u**2 - 88*u + 595. Calculate r(11).
-10
Let d(p) = -3*p**2 + 3*p + 456. Calculate d(13).
-12
Let n(t) = -284*t + 233. Give n(0).
233
Let k(q) = 11*q**2 - 1099*q + 946. Give k(99).
-44
Let m(t) = -t**2 + 51*t + 667. Calculate m(-11).
-15
Let m(q) = 13*q + 322. What is m(-64)?
-510
Let i(j) = -2224*j + 117869. Calculate i(53).
-3
Let n(l) = -4*l**3 - 9*l**2 - 9*l - 9. What is n(-2)?
5
Let d(k) = k**2 + 61*k - 405. Determine d(6).
-3
Let q(k) = 128*k + 441. Calculate q(-4).
-71
Let n(v) = v**2 - 21*v - 52. What is n(-4)?
48
Let l(r) = -r**3 + 411*r**2 - 2820*r + 1. Calculate l(7).
57
Let a(l) = 5*l**3 - l**2 + 105*l - 314. What is a(3)?
127
Let f(u) = 18*u - 177. Give f(-8).
-321
Let v(l) = 21*l + 2779. What is v(-79)?
1120
Let x(t) = t**3 + 19*t**2 - 12*t - 15. What is x(-20)?
-175
Let p(o) = -674*o + 3365. Calculate p(5).
-5
Let g(s) = -s**3 - 15*s**2 - 34*s + 12. Give g(-12).
-12
Let b(p) = -p**2 - 24*p + 1069. Give b(-57).
-812
Let d(o) = 4*o**2 + 339*o - 13. Give d(0).
-13
Let n(r) = 27*r**2 + 2*r - 1. Give n(2).
111
Let f(h) = 3*h**2 + 34*h - 16. What is f(-18)?
344
Let d(v) = -14*v - 9. Calculate d(-3).
33
Let n(x) = 8*x**2 - 672*x + 2559. Calculate n(4).
-1
Let v(a) = -14*a**2 - 40*a + 11. Give v(-6).
-253
Let r(x) = -3*x**2 - 8*x + 14. Calculate r(-6).
-46
Let s(p) = 75*p + 127. Calculate s(-2).
-23
Let r(z) = 15*z + 111. What is r(17)?
366
Let x(p) = p**2 + 105*p + 1575. What is x(-87)?
9
Let b(k) = k**2 - 16*k - 651. Determine b(34).
-39
Let i(y) = -y**2 + 34*y - 371. Determine i(11).
-118
Let q(k) = 4*k**2 - 14*k + 32. Calculate q(4).
40
Let q(i) = 2*i**2 + 5*i - 39. Give q(10).
211
Let f(s) = -s**3 - s**2 + 2*s + 11. Give f(-3).
23
Let i(s) = -74*s + 535. Calculate i(5).
165
Let g(n) = -5*n - 58. What is g(-11)?
-3
Let h(l) = -3*l**2 + 29*l + 18. Calculate h(10).
8
Let w(o) = 15*o + 436. Give w(-29).
1
Let k(r) = 16497*r - 98989. Determine k(6).
-7
Let c(h) = 328*h - 27555. What is c(84)?
-3
Let n(c) = -9*c**2 + 4*c - 5. Determine n(-2).
-49
Let z(w) = 30*w - 343. Give z(12).
17
Let x(t) = t**3 + 23*t**2 - 17*t + 431. What is x(-24)?
263
Let o(p) = 769*p + 9976. Determine o(-13).
-21
Let b(f) = 228*f + 5233. Give b(-23).
-11
Let p(z) = 4*z**2 - 24*z - 185. Determine p(-8).
263
Let z(i) = 169*i + 389. Give z(-2).
51
Let z(i) = 4*i**2 - 103*i + 34. Determine z(25).
-41
Let r(b) = 7395*b - 14786. Calculate r(2).
4
Let g(f) = 368*f + 357. Determine g(-1).
-11
Let m(q) = 510*q**2 - 6624*q - 31. Give m(13).
47
Let c(i) = i**3 + 2*i**2 - 822*i - 3254. Calculate c(-4).
2
Let t(a) = -10*a**2 + 481*a - 930. Calculate t(2).
-8
Let u(h) = -h**2 + 8*h + 28. Determine u(13).
-37
Let c(s) = -3*s**3 + 21*s**2 + 223*s - 15. Determine c(13).
-158
Let i(s) = -1237*s + 815. What is i(1)?
-422
Let n(i) = 32*i + 779. Calculate n(-24).
11
Let g(r) = -r**3 + 23*r**2 - 14*r - 173. Give g(22).
3
Let q(o) = -4258*o + 217159. Determine q(51).
1
Let m(a) = -a**2 - 7*a + 82. Determine m(-14).
-16
Let s(p) = -112*p + 18. Determine s(0).
18
Let a(h) = h**2 + 515*h - 4109. Calculate a(8).
75
Let n(f) = 103*f - 1789. What is n(17)?
-38
Let p(v) = -5*v**2 - 64*v - 331. Calculate p(-6).
-127
Let n(z) = -z**3 - 16*z**2 - 22*z + 67. What is n(-14)?
-17
Let x(j) = -158*j + 1247. Give x(8).
-17
Let l(a) = -a**3 - 13*a**2 + 5*a - 72. Calculate l(-14).
54
Let a(y) = y**3 - 63*y**2 - 50*y - 754. Determine a(64).
142
Let q(h) = 11260*h + 45066. Calculate q(-4).
26
Let v(h) = -46*h + 5429. What is v(118)?
1
Let l(s) = 40*s**2 + 2205*s + 307. Give l(-55).
32
Let a(m) = 309*m + 4945. What is a(-16)?
1
Let j(m) = -2*m**2 + 70*m - 273. Give j(31).
-25
Let y(w) = -307*w - 56. Calculate y(-3).
865
Let y(a) = -2*a**2 - 148*a + 624. Calculate y(4).
0
Let d(p) = -267*p + 1023. Calculate d(4).
-45
Let a(s) = 3*s**2 - 131*s - 328. Determine a(46).
-6
Let m(u) = 22*u**2 + 244*u + 30. Calculate m(-11).
8
Let a(b) = -b**2 - 21*b - 103. Determine a(-9).
5
Let q(u) = -2*u**2 - 2204*u - 15328. What is q(-7)?
2
Let v(c) = -1992*c - 83665. Calculate v(-42).
-1
Let j(u) = 2*u**3 - 30*u**2 + 13*u - 588. Give j(16).
132
Let a(o) = -2*o**3 + 2*o**2 + 17. Give a(-3).
89
Let t(j) = -510*j + 1005. What is t(2)?
-15
Let x(d) = -4*d**2 - 3*d + 12. What is x(-4)?
-40
Let v(q) = -45*q**2 - 769*q - 51. Calculate v(-17).
17
Let s(k) = -k**2 + 64*k + 218. Determine s(79).
-967
Let b(h) = -h**3 + 112*h**2 + 465*h - 116. Determine b(116).
0
Let m(b) = 2*b**3 - 54*b**2 + 161*b + 501. Calculate m(23).
-28
Let b(f) = 34*f**3 - 3*f**2 + 153*f + 154. Determine b(-1).
-36
Let k(o) = o**3 + 6*o**2 - 43*o - 218. What is k(-6)?
40
Let i(l) = -l**2 + 109*l + 1514. Give i(-12).
62
Let u(f) = -2*f**3 - 54*f**2 - 105*f - 112. Give u(-25).
13
Let x(i) = 3*i**2 - 83*i - 21. Calculate x(31).
289
Let h(n) = n**3 + 9*n**2 + n. Calculate h(-8).
56
Let o(l) = 6*l**3 + 8*l**2 - 6*l - 25. Calculate o(-2).
-29
Let c(w) = -510*w - 10210. Determine c(-20).
-10
Let r(z) = -2*z**3 - 102*z**2 + 96*z + 7. Give r(1).
-1
Let g(i) = -3*i**3 - 349*i**2 - 800*i - 228. Give g(-114).
0
Let k(u) = -502*u - 29115. Calculate k(-58).
1
Let p(w) = 4092*w - 4093. Determine p(1).
-1
Let b(d) = -d**2 - 42*d + 131. Give b(3).
-4
Let n(a) = a + 162. Calculate n(29).
191
Let j(n) = -6*n**2 + 104*n + 196. What is j(-2)?
-36
Let i(g) = -99*g + 950. What is i(8)?
158
Let g(n) = -n**3 - 6*n**2 - 19*n - 49. Calculate g(-5).
21
Let w(u) = 130*u + 2060. Calculate w(-16).
-20
Let j(a) = 141*a + 151. Give j(-1).
10
Let z(h) = -575*h + 2302. Calculate z(4).
2
Let q(c) = 72*c + 1666. What is q(-23)?
10
Let q(b) = 2*b**2 - 167*b - 144. What is q(86)?
286
Let g(a) = 98*a + 1079. Calculate g(-11).
1
Let d(v) = -2*v**3 + 179*v**2 - 1083*v + 290. Calculate d(83).
-42
Let a(p) = 74*p**2 - 51*p - 103. Determine a(-2).
295
Let p(w) = -2*w**3 - 106*w**2 + 109*w + 76. Calculate p(-54).
22
Let j(s) = -s**2 - 25*s + 208. What is j(8)?
-56
Let i(o) = 15*o + 516. What is i(-28)?
96
Let u(d) = -5*d**2 - 27*d + 103. Calculate u(4).
-85
Let k(h) = 671*h - 299. Calculate k(1).
372
Let n(h) = -h**3 + h**2 - 12*h - 12. Calculate n(0).
-12
Let l(a) = -a**3 + 19*a**2 + a - 292. Calculate l(18).
50
Let y(l) = -142*l - 2123. Give y(-15).
7
Let a(y) = y**2 - 62*y - 129. Calculate a(-2).
-1
Let t(j) = -89*j + 520. Determine t(7).
-103
Let i(o) = 31*o - 621. What is i(20)?
-1
Let k(w) = 6*w - 98. Calculate k(13).
-20
Let b(f) = 22*f**2 + 25*f + 26. Calculate b(-1).
23
Let h(x) = x**2 + 10*x + 9. Give h(6).
105
Let u(n) = n**3 + 8*n**2 + 13*n + 3. Calculate u(-7).
-39
Let a(g) = -g**3 - 9*g**2 + 62. Give a(-9).
62
Let i(h